se 0 = -0*o - 2*o + 6. Suppose 0 = l + 5*u - 9, -o*l + 4*u + 1 = -7. Suppose -l*t = 2*m - 133 - 113, -5 = m. What is the tens digit of t?
6
Let u = 6001 + -1237. What is the tens digit of u?
6
Let g(v) = 11*v**3 - 2*v**2 - 39*v + 266. What is the tens digit of g(6)?
3
What is the units digit of 2/4 + 5/(80/8232)?
5
Let y(n) = -n**2 + 4*n. Let x be y(3). Suppose 2*g - x*p - 158 = 0, -3*g = -p + 2*p - 248. What is the tens digit of g?
8
Let o(g) = -g**2 + 1. Suppose -8 = -2*m - 5*r, 2*m - m + 2*r = 3. Let t be o(m). Suppose t = 2*w - 19 - 37. What is the tens digit of w?
2
Suppose 754*u - 148 = 750*u. What is the tens digit of u?
3
Suppose 0 = 7*z - 2*z - 2140. Suppose 81*u - z = 77*u. What is the hundreds digit of u?
1
Let c = -198 + 684. What is the units digit of c?
6
Let r(m) = -5*m**2 + 10*m - 12. Let i(j) = -4*j**2 + 9*j - 11. Let y(l) = 6*i(l) - 5*r(l). What is the tens digit of y(-8)?
2
Suppose -5*u = 3*a - 218 - 175, 5*u + 5*a - 385 = 0. What is the units digit of u?
1
Let b = 5 - 0. Suppose -150 = -b*c + 210. What is the tens digit of c?
7
Let l be 1954/30 - 1*(-10)/(-75). Suppose 0*d + 5*d - l = 0. What is the tens digit of d?
1
Suppose 0 = 4*t - 2*l + 36, 6*t - t + 38 = -l. What is the tens digit of t/(-14)*2604/24?
6
Let f(p) be the first derivative of p**4/4 - 4*p**3/3 + 3*p**2/2 + 10*p + 2. What is the tens digit of f(5)?
5
Suppose 0 = -2*o - 11*o + 11388. What is the hundreds digit of 2/(8/o) + 0?
2
Suppose 2*y + 2*y = -12. Let a be (-4 + -3)*-3 - y. Suppose -a = 2*n - 3*n. What is the tens digit of n?
2
Let g = 18 - -112. What is the tens digit of g?
3
Let t = 2541 + -1454. What is the thousands digit of t?
1
Suppose -4*r - 11 = -3*w + r, 2*w = 4*r + 8. Suppose -w*d + 7*h = 3*h, 12 = 3*h. Let g = d - 4. What is the units digit of g?
4
Suppose -4*y + 3*y = 0. Suppose -41*d + 37*d + 116 = y. What is the units digit of d?
9
Let p(b) = -b**3 - 23*b**2 + 57*b + 58. What is the tens digit of p(-26)?
0
Let o(l) = -l + 3. Let y be (-2)/11 - (-368)/88. Let w(m) = -4. Let q(h) = y*w(h) + 5*o(h). What is the units digit of q(-2)?
9
Let f be (-30)/(-3)*(-6)/(-10). Let u be 7 + f/3*-1. Suppose -63 - 27 = -u*d. What is the tens digit of d?
1
Let h(q) = 14*q**2 + 5*q + 5. What is the hundreds digit of h(5)?
3
Let k be 15 + 3/(6/4). Let r(q) = -q**2 + 14*q - 28. Let t be r(12). Let c = k - t. What is the tens digit of c?
2
Let q = 734 + -64. What is the hundreds digit of q?
6
Let k = 12 + -13. Let f be (-2 - (-4 - k)) + 45. Let r = -33 + f. What is the units digit of r?
3
Suppose 2*y = -54 + 142. Let c be (57/(-12))/((-1)/(-4)). Let w = y + c. What is the units digit of w?
5
Let g = 4 - 8. Let v(k) = k**2 + 17*k**3 - 3*k**2 + 14*k**3 + 2 + 6*k - 32*k**3. What is the tens digit of v(g)?
1
Let y be ((-4)/(-6))/((-6)/(-27)). Suppose 0 = -y*n - 3, -4*f + 3*f = -2*n - 162. What is the hundreds digit of f?
1
Let u(d) = -492*d**2 + d + 1. Let m(b) = -b**2 - 2*b - 1. Let t be m(-2). Let n be u(t). What is the units digit of (-3)/(-15) + n/(-15)?
3
Let v(x) = -100*x + 166. What is the hundreds digit of v(-15)?
6
Let f(h) = h**2 - 112*h + 37. What is the hundreds digit of f(-25)?
4
Suppose -3*b - 27*j + 8138 = -28*j, 0 = -b + 5*j + 2708. What is the thousands digit of b?
2
Suppose 0 = -4*l + 5*c + 1620, -3*c - c - 1216 = -3*l. Suppose -4*f - 4*f = l. Let v = 113 + f. What is the tens digit of v?
6
Suppose 3*a - 14*a + 2926 = 0. Let c = -150 + a. What is the hundreds digit of c?
1
Let u = 6 + 2. What is the units digit of 35 + (-9)/(-4) + (-2)/u?
7
Let j(r) = -r**2 + 8*r + 22. Let a be j(10). Suppose 0 = 3*n + 3*h - 213, -314 = -3*n - n + a*h. What is the units digit of n?
6
Let m = 1157 - -46. What is the tens digit of m?
0
Suppose 0 = -z - 16 - 22. Let x be -2*4/8 - z. Let b = 72 - x. What is the tens digit of b?
3
Let s = -37 - -86. Let a = s - 48. What is the units digit of a?
1
Let p(n) = 2*n**3 + 46*n**2 + 36*n - 45. What is the units digit of p(-22)?
1
Suppose 0 = 5*x + 3*l - 4623 - 1893, -3*x - 3*l + 3906 = 0. What is the units digit of x?
5
Let h(q) = q**2 - 29*q + 33. Let a be h(28). Suppose 18*f = 19*f - 1, 0 = a*m + 5*f - 1110. What is the tens digit of m?
2
Suppose a + 7 + 18 = 0. Suppose -3*j + 35 = 167. Let r = a - j. What is the units digit of r?
9
Let t(o) = -o + 36. Let a(k) = k**3 + 15*k**2 - 15*k - 3. Let b be a(-16). What is the tens digit of t(b)?
5
Let x(w) = -w**3 - 8*w**2 + w + 10. Let f be x(-8). Let b(v) = -3*v + 33*v**2 - 2*v - 32*v**f + 6. What is the tens digit of b(11)?
7
Suppose 2*o + 6762 = 4*o - 4*z, 10 = 2*z. What is the hundreds digit of o?
3
Suppose 0 = -5*y + y + 2760. Suppose -y = -2*r - r. Suppose 0*o - 5*o + r = 0. What is the tens digit of o?
4
Suppose -300 = -2*d - 3*d. Suppose 4*v = -3*f - 29, 0 = 5*f - 4*v - v + d. Let i = -4 - f. What is the units digit of i?
7
Let f(j) = j**2 + 7*j + 11. Let d be f(-3). What is the hundreds digit of (-131)/d + -2 + 0 + -2?
1
Suppose 7*z + 42 = 10*z. Let d(h) = -h**2 + h - 4. Let f be d(3). Let q = z + f. What is the units digit of q?
4
Let q(u) = -4*u + 19. Let j be q(5). What is the units digit of j - -4 - 1*-140?
3
Suppose 5*j - k - 4*k = 2160, 5*k + 858 = 2*j. What is the hundreds digit of j?
4
Let s(i) = -i**3 + 12*i**2 + 12*i + 17. Let l be s(13). Suppose -m - l = -3*m. Suppose m*n - 3*n + 4*x = -13, 52 = 4*n + x. What is the units digit of n?
3
Let i = -484 + 866. What is the hundreds digit of i?
3
Let y = -5 + 10. Let o = y - 8. What is the tens digit of (2 + o + 0)*-25?
2
Let i(y) = 40*y + 9. What is the units digit of i(8)?
9
Let b(g) = 17*g + 16. Suppose -5*f = 15, -3*p + 4*f + 33 = 9. What is the tens digit of b(p)?
8
Let a(u) = -u**3 + 4*u**2 + u + 4. Let b be a(5). Let x(y) = y + 1. Let t(h) = 32*h + 16. Let l(w) = b*x(w) + t(w). What is the tens digit of l(2)?
3
Let b(y) = 90*y**2 - 23*y - 9. What is the hundreds digit of b(-3)?
8
Let k(b) be the second derivative of 5*b**3/3 + 29*b**2 - 26*b. What is the units digit of k(11)?
8
Suppose -b = 5*p - 532, 10*p + 4*b - 326 = 7*p. What is the hundreds digit of p?
1
Suppose -3*t - 22*t + 6575 = 0. What is the units digit of t?
3
Let p(y) = y**3 - 3*y**2 - 2*y - 3. Let s be p(5). Let b be 26/13*2/2. Suppose s + b = c. What is the units digit of c?
9
Suppose 0 = 16*s - 7908 - 14588. What is the thousands digit of s?
1
What is the hundreds digit of (-582760)/(-765) + 4/18?
7
What is the hundreds digit of (-4)/(-34) + 195152/68?
8
Suppose 5*a - 219 - 226 = 0. What is the units digit of a?
9
Suppose -3*s - 75 = 2*j, 3*s + 24 = -4*j - 45. What is the hundreds digit of s/6*-36*1?
1
Let t be (-309)/(-21) + (-8)/(-28). Suppose -3*i + 0*i = t, 4*g = i + 57. Suppose 4*d - 69 = -g. What is the tens digit of d?
1
Let y be 8/60 + 968/(-60). Let z = 20 + y. Suppose -114 = -4*c + 4*f + 62, 4*f = -z*c + 152. What is the tens digit of c?
4
Let r be 4/3*9 - -2. What is the units digit of r*(4 + 4/(-4))?
2
What is the hundreds digit of 1088/51*(-3 + (-459)/(-4))?
3
Suppose -104 = 6*d - 10*d. What is the units digit of d?
6
Suppose -63*z = -49*z - 11298. What is the hundreds digit of z?
8
Suppose 0 = -15*c + 19*c - 2272. What is the units digit of c?
8
Suppose 7*f = 2*f + 20. Let q(s) = -s**2 + 4*s + 1. Let r be q(f). What is the tens digit of 1 - 4 - -21 - r?
1
Let m(x) = x**2 - 5*x - 10. Let f be m(7). Suppose -i - f*i + 15 = 0. Suppose 0 = 5*o + 2*u - 398 + 116, -171 = -3*o - i*u. What is the units digit of o?
6
Suppose 5*p - 25 = 5*u, 3*u - p + 17 = -u. What is the tens digit of 21*1*(-2 - u)?
4
Let w = -9 + 9. Let x(r) = r**3 + r**2 + 66. What is the tens digit of x(w)?
6
Let s be -87 - 1*(-1 - 1). What is the tens digit of s/(-2) - 24/(-16)?
4
Suppose -5*z + 5245 = 5*w, -4*z - w + 6562 - 2366 = 0. What is the thousands digit of z?
1
Let q be (19 - 4) + 4 + -2. Suppose q = -0*d + d. What is the tens digit of d?
1
Let k(f) = 3*f**2 + 10*f - 196. What is the thousands digit of k(24)?
1
Let s = 496 - 88. Suppose 0 = 18*j - 22*j + s. What is the hundreds digit of j?
1
Suppose 0 = 51*y - 53*y + 2*f + 6472, 0 = -5*y - f + 16174. What is the thousands digit of y?
3
Let w(f) be the third derivative of f**5/30 + 5*f**4/24 - 19*f**3/6 + 44*f**2 - 1. What is the hundreds digit of w(-14)?
3
Let n(s) = -s + 26. Let j be n(0). Suppose 21*r - 